**2 - 7*a - 12. Determine r(o).
-20
Let b be (10 - 0)/(-5) + 29. Let s = b + -18. Let c(h) = s*h**2 + 4 - 11*h**2 + 3*h**2 + 0*h - 6*h. Determine c(3).
-5
Let j be ((-51)/34)/((-36)/16 - -3). Let y(b) be the second derivative of 2*b - 1/12*b**4 + 0 + 0*b**3 + 1/2*b**2. What is y(j)?
-3
Let t(c) = 545 - 527 + 5*c - 2*c + 5*c. Give t(-3).
-6
Let z = 57 - 35. Let i(y) = -2*y + 41. Let c be i(z). Let v(t) = t**2 - 2 - 6*t - 1 - 2*t**2. Determine v(c).
6
Let c(t) = -2*t + 17. Let s be c(14). Let g = s + 14. Let i(r) = -4*r**g + 1 - 5*r - 8*r**3 + r - 4*r**2 + 11*r**3. What is i(-3)?
4
Let t(p) = -10*p - 10. Let h(j) = -13*j - 11. Let d(f) = -3*h(f) + 4*t(f). What is d(-6)?
-1
Let k(z) be the second derivative of -z**4/12 + z**2/2 + z. Suppose 0*b + 5*b = 60. Let t be ((3 + 1)/b)/(3/(-18)). Give k(t).
-3
Suppose -3*n - 4*v + 32 = 0, 2*n - v - 1 = 2. Let b(o) = 24*o - 34. Let t(p) = -5*p + 7. Let f(x) = 3*b(x) + 14*t(x). Determine f(n).
4
Suppose 11*f + 40 = -59. Let j(q) = 2*q**2 + 16*q - 19. Give j(f).
-1
Let a(n) be the first derivative of n**4/4 - 5*n**3/3 - 2*n**2 - n - 4. Suppose -5*p = 2*b + 3 + 7, -5*p + 5 = 5*b. Give a(b).
-21
Let a be 32/24*45/(-10). Let o(n) = -n**3 - 5*n**2 + 5*n - 5. Calculate o(a).
1
Let r(p) = 11*p - 32. Let b(m) = 16*m - 48. Let z(y) = 5*b(y) - 7*r(y). What is z(7)?
5
Let r(c) = -8*c**3 - 2*c - 2. Let v(f) = -9*f**3 - 3*f - 3. Let i(g) = 7*r(g) - 6*v(g). Give i(-2).
12
Let g(u) = -3*u**3 + 19*u**2 + 16*u - 17. Let c be g(7). Let b(j) = -j**2 - j - 1. Calculate b(c).
-7
Let n(w) be the first derivative of -w**4/4 + w**3/3 - w**2/2 - 8*w + 1. Let y(j) = -j**2 - 4*j - 4. Let a be y(-3). Let k be 0*a/2 + 0. Determine n(k).
-8
Let o = -580 + 576. Let m be (-6 + -2)*(2 + -1). Let i = m - o. Let c(x) = x**3 + 3*x**2 - 3*x + 2. What is c(i)?
-2
Let h(l) = 3*l - 4. Suppose 3*g + 11 = s, 5 = -3*s - 5*g - 18. Let f be -2*(-3 + s + 0). Let v = -4 + f. Give h(v).
8
Suppose -5*k = -8*k. Let i be 0/(-2 - (2 + -12)). Suppose n + 4 + i = k. Let g(p) = 2*p + 2. Determine g(n).
-6
Let v(n) be the second derivative of -1/6*n**4 + 0*n**2 + 6*n + 1/6*n**3 + 0. Give v(1).
-1
Suppose 0 = -5*x - 15, -2*x + 12 = 4*q - q. Let p(a) = -11*a - 18. Let u(s) = 2*s + 4. Let v(j) = p(j) + 5*u(j). What is v(q)?
-4
Let v(f) be the first derivative of 5*f**2/2 + 5*f + 59. Give v(-2).
-5
Suppose 16 = -w + 2*v + 4, -4*w = -v + 27. Let f(q) = q + 4. Determine f(w).
-2
Let c(i) = i**2 - i - 4. Suppose -z - 1 + 6 = 0. Let x be (39/15 - 3)*z + -1. Calculate c(x).
8
Let m(b) be the third derivative of 0*b**3 + 1/60*b**5 + 1/12*b**4 + 0 + 0*b - b**2. Let h(f) = 3*f + 9. Let x be h(-4). Give m(x).
3
Let u(z) = 2*z**3 - z**2 - 6*z + 5. Let x be u(2). Let m(y) = 17*y - 3*y**2 - 3*y - x*y - 6*y. Determine m(3).
-18
Let r be 55/20 + 6/(-8) + 1. Suppose -2 - 8 = v - 4*h, 0 = -5*v + r*h - 33. Let x(n) = -n**2 - 7*n - 5. What is x(v)?
1
Suppose 0 = -5*x + 6*x. Suppose -8 = p - 4*f + 3*f, x = -p + 3*f - 10. Let u(a) = a**3 + 7*a**2 + 2*a - 1. Determine u(p).
-15
Let l(v) = -v - 1. Let p(i) = 3*i + 4. Let k be 2/4 - 22/(-4). Let t(q) = k*p(q) + 17*l(q). Calculate t(-7).
0
Let f(g) be the first derivative of -5*g**3/6 + 9*g - 5. Let i(j) be the first derivative of f(j). What is i(-1)?
5
Let g be 10*(25/30 + 2/(-6)). Let c(s) = s - 2. Give c(g).
3
Let j(r) = 20*r - 9*r + 3 + 0*r - 2*r - 8*r. Give j(-2).
1
Let g = 734 + -722. Let f(t) = t**2 - 12*t + 9. What is f(g)?
9
Suppose -4*v = -3*p - 4, 3*v - 2*p - 11 = -8. Let u(l) = -47*l**3 + 13*l**2 + 4. Let w(h) = 16*h**3 - 4*h**2 - 1. Let s(n) = 2*u(n) + 7*w(n). What is s(v)?
17
Suppose -4*y + 16 = -j, 2*y - 4*j = -3*y + 20. Let x(u) be the first derivative of -5*u - 2*u**2 - 13 - 2*u - 2*u + y*u. Calculate x(-5).
15
Let o(k) = -133*k + 2 - 6*k**2 + 4*k**2 + 132*k - 1 + k**3. What is o(-2)?
-13
Let c(g) = g - 4. Let n be 52/91 - (-356)/14. Let b = n - 26. Give c(b).
-4
Let r = -29 - 7. Let k = -30 - r. Let w(v) be the second derivative of -v**4/12 + v**3 - v**2/2 + v. Give w(k).
-1
Let a(v) be the first derivative of v**2 - 40. What is a(0)?
0
Let u(m) be the second derivative of m**4/12 + 7*m**3/6 + 2*m**2 - 10*m - 4. Suppose -l - 6 = -0. What is u(l)?
-2
Let g(m) = -m**3 + m**2 - 2*m + 2. Suppose -8 = 6*f - 10*f. Let z be g(f). Let u(v) = -2*v - 4. Give u(z).
8
Let l(p) be the second derivative of -p**3/3 - p**2 - p. Let b(v) = -5*v**2 - 24*v + 133. Let m be b(-8). Give l(m).
-12
Let y(d) be the second derivative of 1 + 1/6*d**3 + 1/2*d**2 - 33*d. Determine y(5).
6
Let c be ((-21)/(-12))/(1/4). Suppose 7 = 2*y - f, -c = -5*y - 2*f - 3. Let a(g) = -g**3 + 2. Give a(y).
-6
Let c(v) = 2*v + 18. Let y be (-1 - 0)*(11 - 2). Let i be c(y). Let u(l) = l**2 + l + 2. Give u(i).
2
Let j(z) = -z**2 - 18*z + 118. Let f be j(-23). Let s(q) be the second derivative of -1/3*q**f - 7*q + 0 + 0*q**2. What is s(-5)?
10
Let f(p) = p**3 - 6*p**2 + 5*p + 3. Let a = 53 - 63. Let v be (-10)/((-3 + 6)*a/15). Give f(v).
3
Let a(u) be the third derivative of u**4/24 - 23*u**3/6 + 426*u**2. What is a(27)?
4
Let t be 21/(-7) - (3 - -25). Let x = -30 - t. Let y(w) = 5*w**3 - w. Calculate y(x).
4
Suppose -8 = -7*s + 20. Let x(w) = 7 - 5*w - w + s - w**2 - 5. Determine x(-7).
-1
Suppose 0 = s + 2*s. Let n = s + 4. Let x(t) = -4*t - 4*t + 2 + 6*t - 3 + 0. Determine x(n).
-9
Suppose -4*b = 2*j - 20, -j + 43 = 5*b + 18. Let n(y) = 15*y - 4. Calculate n(b).
71
Let f(p) be the first derivative of 1/4*p**4 - 30 + 5/3*p**3 + 0*p**2 - 4*p. Determine f(-5).
-4
Let t(r) = -r**3 + 6*r**2 + 6*r + 8. Let a be t(7). Let n(p) = -21*p + a + 21*p + p**2. Give n(2).
5
Let u(p) be the third derivative of -p**7/2520 - p**6/80 - 3*p**5/40 + 49*p**4/24 + 3*p**2 - 3. Let o(w) be the second derivative of u(w). Determine o(-6).
9
Let y(r) = -9*r. Suppose -3*c = 4*v - 29, 4*c + 2 - 14 = 0. Suppose 2*t - 20 = -5*j, -v*t + 4*j + 71 = 6*j. Let g be 10/15 + t/(-9). Calculate y(g).
9
Let x be -1*(1/(-1))/((-2)/(-4)). Let u(a) = 4*a + 4 - 5*a**x + 2*a**2 - 5*a + 2*a**2. What is u(-4)?
-8
Suppose 36*i - 56*i - 240 = 0. Let z(b) = 4*b - 1. Calculate z(i).
-49
Let f(n) = -n**3 + 3*n**2 - 4*n + 4. Suppose -16*l = -12*l. Let j(v) = 6*v**3 + 6*v**2 - 1 - v - 5*v**3 + l*v - 2. Let h be j(-6). Determine f(h).
-8
Let q be (3/2)/((-3)/6). Suppose -4*u + 18 = 2*b, 3*b + 2*b - 15 = -4*u. Let n = b + q. Let f(x) = -x**2 - x + 4. Calculate f(n).
-8
Let n(a) = 12*a - 101. Let g be n(9). Let m(t) = t**2 - 5*t + 3. Determine m(g).
17
Suppose 0 = 53*j - 25 - 81. Let z(v) = v**2 - 8*v + 15. Give z(j).
3
Let u(p) be the third derivative of p**6/120 - p**5/10 - p**4/4 - 2*p**3/3 + p**2. Let b(j) = -j**3 - 37*j**2 + 42*j + 159. Let m be b(-38). What is u(m)?
3
Suppose -3*s = h + 17, 8 = -4*s + 2*h - 8. Let q(k) = k + 5 - 1 + 0*k. Determine q(s).
-1
Let r(g) = 2*g - 1. Suppose 9 = -0*f + f. Let y be (-28)/(-3) + 6/f. Let v = y - 12. Calculate r(v).
-5
Suppose 12*o = 37*o + 150. Let k(q) = 4*q**2 + 25*q + 5. Calculate k(o).
-1
Let o(s) = -2*s**2 - 12*s - 5. Suppose 2*c + 5*a - 5 = 3*c, 4*c + 5*a = -20. Calculate o(c).
5
Let k(z) = -15*z + 479. Let o be k(31). Let b(y) = -y**2 + 15*y - 12. Determine b(o).
2
Let n(g) be the first derivative of -g**3/3 - 7*g**2/2 + 3*g + 1. Let l = -7905 + 7897. What is n(l)?
-5
Suppose 180*y - 45 = 189*y. Let x(v) = -v**3 - 5*v**2 + 4. Give x(y).
4
Let f(j) = 9*j**3 - 2*j - 1. Let w(o) = o**2 + o + 1. Let s be w(-1). Let t be s - 2 - (8 - 8). Give f(t).
-8
Let z(o) = -9 + 55*o - 57*o - 8. Let g be z(-11). Suppose -4*s = -4*v + 4, -2*v = -g*s - 13 - 4. Let l(u) = u**2 + 4*u - 6. Give l(s).
-1
Let c = 10 - 0. Let l(q) = 10338*q + 2 + 1 + q**2 - 10349*q - 1. Give l(c).
-8
Let x(f) = f + 2. Let l be x(-2). Suppose -2*g + y + 3 = 0, 2*y + 10 = -l. Let q(i) = 6*i + 4. Let a(v) = -4*v - 3. Let h(d) = 4*a(d) + 3*q(d). Determine h(g).
-2
Let c = 30 - -5. Suppose 2*q + 5*x + c = -3*q, -2*q + 2*x = 10. Let f(y) = y**2 + 8*y. Let v(i) = -2*i**2 - 17*i. Let d(r) = 7*f(r) + 3*v(r). What is d(q)?
6
Let n(c) = -4*c + 3. Let b(k) = -9*k + 5. Let q(j) = -3*b(j) + 7*n(j). Suppose 4*l + 2*u = 0, 2*l - 5*u = 4*l - 8. Let g be l*(-1 - 0) + -7. Determine q(g).
12
Let c(h) = 6*h. Let t be (1 - 2)/((-6)/18). Let r be 5 - (3/1 + -4). Suppose r*u + t = 3*u. Calculate c(u).
-6
Suppose -3*a = 2*a + 25. L